[INFO] cloning repository https://github.com/foldu/kairowiki
[INFO] running `Command { std: "git" "-c" "credential.helper=" "-c" "credential.helper=/workspace/cargo-home/bin/git-credential-null" "clone" "--bare" "https://github.com/foldu/kairowiki" "/workspace/cache/git-repos/https%3A%2F%2Fgithub.com%2Ffoldu%2Fkairowiki", kill_on_drop: false }`
[INFO] [stderr] Cloning into bare repository '/workspace/cache/git-repos/https%3A%2F%2Fgithub.com%2Ffoldu%2Fkairowiki'...
[INFO] running `Command { std: "git" "rev-parse" "HEAD", kill_on_drop: false }`
[INFO] [stdout] c93994e27389414eab23df1be76f67b73f0aaa7e
[INFO] checking foldu/kairowiki against master#af3c6e733a40e671550e0f0f5aeecaa13772ba56 for pr-74989
[INFO] running `Command { std: "git" "clone" "/workspace/cache/git-repos/https%3A%2F%2Fgithub.com%2Ffoldu%2Fkairowiki" "/workspace/builds/worker-1/source", kill_on_drop: false }`
[INFO] [stderr] Cloning into '/workspace/builds/worker-1/source'...
[INFO] [stderr] done.
[INFO] validating manifest of git repo https://github.com/foldu/kairowiki on toolchain af3c6e733a40e671550e0f0f5aeecaa13772ba56
[INFO] running `Command { std: "/workspace/cargo-home/bin/cargo" "+af3c6e733a40e671550e0f0f5aeecaa13772ba56" "read-manifest" "--manifest-path" "Cargo.toml", kill_on_drop: false }`
[INFO] started tweaking git repo https://github.com/foldu/kairowiki
[INFO] finished tweaking git repo https://github.com/foldu/kairowiki
[INFO] tweaked toml for git repo https://github.com/foldu/kairowiki written to /workspace/builds/worker-1/source/Cargo.toml
[INFO] crate git repo https://github.com/foldu/kairowiki already has a lockfile, it will not be regenerated
[INFO] running `Command { std: "/workspace/cargo-home/bin/cargo" "+af3c6e733a40e671550e0f0f5aeecaa13772ba56" "fetch" "--locked" "--manifest-path" "Cargo.toml", kill_on_drop: false }`
[INFO] running `Command { std: "docker" "create" "-v" "/var/lib/crater-agent-workspace/builds/worker-1/target:/opt/rustwide/target:rw,Z" "-v" "/var/lib/crater-agent-workspace/builds/worker-1/source:/opt/rustwide/workdir:ro,Z" "-v" "/var/lib/crater-agent-workspace/cargo-home:/opt/rustwide/cargo-home:ro,Z" "-v" "/var/lib/crater-agent-workspace/rustup-home:/opt/rustwide/rustup-home:ro,Z" "-e" "SOURCE_DIR=/opt/rustwide/workdir" "-e" "CARGO_TARGET_DIR=/opt/rustwide/target" "-e" "CARGO_HOME=/opt/rustwide/cargo-home" "-e" "RUSTUP_HOME=/opt/rustwide/rustup-home" "-w" "/opt/rustwide/workdir" "-m" "1610612736" "--user" "0:0" "--network" "none" "rustops/crates-build-env@sha256:d92eaeed33fa75130ca1ee6c8a01d1ffb62bac859dfdfb3450e3e5d1c0146529" "/opt/rustwide/cargo-home/bin/cargo" "+af3c6e733a40e671550e0f0f5aeecaa13772ba56" "metadata" "--no-deps" "--format-version=1", kill_on_drop: false }`
[INFO] [stdout] 0eff38205acb8d4d3b69fe7294f43a384bf3d304c35d663d4af48fd2fdcd3a0b
[INFO] [stderr] WARNING: Your kernel does not support swap limit capabilities or the cgroup is not mounted. Memory limited without swap.
[INFO] running `Command { std: "docker" "start" "-a" "0eff38205acb8d4d3b69fe7294f43a384bf3d304c35d663d4af48fd2fdcd3a0b", kill_on_drop: false }`
[INFO] running `Command { std: "docker" "inspect" "0eff38205acb8d4d3b69fe7294f43a384bf3d304c35d663d4af48fd2fdcd3a0b", kill_on_drop: false }`
[INFO] running `Command { std: "docker" "rm" "-f" "0eff38205acb8d4d3b69fe7294f43a384bf3d304c35d663d4af48fd2fdcd3a0b", kill_on_drop: false }`
[INFO] [stdout] 0eff38205acb8d4d3b69fe7294f43a384bf3d304c35d663d4af48fd2fdcd3a0b
[INFO] running `Command { std: "docker" "create" "-v" "/var/lib/crater-agent-workspace/builds/worker-1/target:/opt/rustwide/target:rw,Z" "-v" "/var/lib/crater-agent-workspace/builds/worker-1/source:/opt/rustwide/workdir:ro,Z" "-v" "/var/lib/crater-agent-workspace/cargo-home:/opt/rustwide/cargo-home:ro,Z" "-v" "/var/lib/crater-agent-workspace/rustup-home:/opt/rustwide/rustup-home:ro,Z" "-e" "SOURCE_DIR=/opt/rustwide/workdir" "-e" "CARGO_TARGET_DIR=/opt/rustwide/target" "-e" "CARGO_INCREMENTAL=0" "-e" "RUST_BACKTRACE=full" "-e" "RUSTFLAGS=--cap-lints=forbid" "-e" "CARGO_HOME=/opt/rustwide/cargo-home" "-e" "RUSTUP_HOME=/opt/rustwide/rustup-home" "-w" "/opt/rustwide/workdir" "-m" "1610612736" "--user" "0:0" "--network" "none" "rustops/crates-build-env@sha256:d92eaeed33fa75130ca1ee6c8a01d1ffb62bac859dfdfb3450e3e5d1c0146529" "/opt/rustwide/cargo-home/bin/cargo" "+af3c6e733a40e671550e0f0f5aeecaa13772ba56" "check" "--frozen" "--all" "--all-targets" "--message-format=json", kill_on_drop: false }`
[INFO] [stderr] WARNING: Your kernel does not support swap limit capabilities or the cgroup is not mounted. Memory limited without swap.
[INFO] [stdout] 3d8edc19ffcc70a75e9e36cbdac4ca0dbe2346bb529f7f08ae3b78d40d53360a
[INFO] running `Command { std: "docker" "start" "-a" "3d8edc19ffcc70a75e9e36cbdac4ca0dbe2346bb529f7f08ae3b78d40d53360a", kill_on_drop: false }`
[INFO] [stderr]    Compiling libc v0.2.73
[INFO] [stderr]    Compiling proc-macro2 v1.0.19
[INFO] [stderr]    Compiling unicode-xid v0.2.1
[INFO] [stderr]    Compiling syn v1.0.36
[INFO] [stderr]    Compiling autocfg v1.0.0
[INFO] [stderr]     Checking cfg-if v0.1.10
[INFO] [stderr]    Compiling memchr v2.3.3
[INFO] [stderr]    Compiling version_check v0.9.2
[INFO] [stderr]    Compiling log v0.4.11
[INFO] [stderr]     Checking lazy_static v1.4.0
[INFO] [stderr]    Compiling pkg-config v0.3.18
[INFO] [stderr]    Compiling serde v1.0.114
[INFO] [stderr]    Compiling getrandom v0.1.14
[INFO] [stderr]    Compiling proc-macro-hack v0.5.18
[INFO] [stderr]    Compiling byteorder v1.3.4
[INFO] [stderr]    Compiling autocfg v0.1.7
[INFO] [stderr]    Compiling ryu v1.0.5
[INFO] [stderr]    Compiling pin-project-internal v0.4.23
[INFO] [stderr]    Compiling typenum v1.12.0
[INFO] [stderr]    Compiling proc-macro-nested v0.1.6
[INFO] [stderr]    Compiling rand_core v0.4.2
[INFO] [stderr]     Checking fnv v1.0.7
[INFO] [stderr]     Checking bytes v0.5.6
[INFO] [stderr]    Compiling version_check v0.1.5
[INFO] [stderr]    Compiling maybe-uninit v2.0.0
[INFO] [stderr]     Checking itoa v0.4.6
[INFO] [stderr]     Checking futures-core v0.3.5
[INFO] [stderr]     Checking ahash v0.3.8
[INFO] [stderr]    Compiling openssl v0.10.30
[INFO] [stderr]    Compiling native-tls v0.2.4
[INFO] [stderr]    Compiling slab v0.4.2
[INFO] [stderr]     Checking futures-sink v0.3.5
[INFO] [stderr]     Checking arc-swap v0.4.7
[INFO] [stderr]     Checking scopeguard v1.1.0
[INFO] [stderr]     Checking pin-project-lite v0.1.7
[INFO] [stderr]    Compiling siphasher v0.2.3
[INFO] [stderr]    Compiling serde_json v1.0.57
[INFO] [stderr]     Checking pin-utils v0.1.0
[INFO] [stderr]     Checking regex-syntax v0.6.18
[INFO] [stderr]     Checking matches v0.1.8
[INFO] [stderr]     Checking futures-io v0.3.5
[INFO] [stderr]     Checking percent-encoding v2.1.0
[INFO] [stderr]    Compiling foreign-types-shared v0.1.1
[INFO] [stderr]    Compiling once_cell v1.4.0
[INFO] [stderr]     Checking ppv-lite86 v0.2.8
[INFO] [stderr]    Compiling tinyvec v0.3.3
[INFO] [stderr]     Checking safemem v0.3.3
[INFO] [stderr]     Checking remove_dir_all v0.5.3
[INFO] [stderr]     Checking adler v0.2.3
[INFO] [stderr]    Compiling openssl-probe v0.1.2
[INFO] [stderr]     Checking static_assertions v1.1.0
[INFO] [stderr]     Checking byte-tools v0.3.1
[INFO] [stderr]    Compiling httparse v1.3.4
[INFO] [stderr]    Compiling arrayvec v0.5.1
[INFO] [stderr]    Compiling crc32fast v1.2.0
[INFO] [stderr]    Compiling rayon-core v1.7.1
[INFO] [stderr]     Checking base64 v0.12.3
[INFO] [stderr]    Compiling crunchy v0.2.2
[INFO] [stderr]     Checking gimli v0.22.0
[INFO] [stderr]    Compiling failure_derive v0.1.8
[INFO] [stderr]    Compiling maplit v1.0.2
[INFO] [stderr]     Checking siphasher v0.3.3
[INFO] [stderr]    Compiling nix v0.14.1
[INFO] [stderr]    Compiling snap v1.0.1
[INFO] [stderr]    Compiling humansize v1.1.0
[INFO] [stderr]     Checking arrayref v0.3.6
[INFO] [stderr]     Checking void v1.0.2
[INFO] [stderr]    Compiling hex v0.4.2
[INFO] [stderr]     Checking mime v0.3.16
[INFO] [stderr]     Checking linked-hash-map v0.5.3
[INFO] [stderr]    Compiling cpuid-bool v0.1.2
[INFO] [stderr]     Checking try-lock v0.2.3
[INFO] [stderr]     Checking object v0.20.0
[INFO] [stderr]     Checking rustc-demangle v0.1.16
[INFO] [stderr]    Compiling askama_escape v0.10.1
[INFO] [stderr]     Checking constant_time_eq v0.1.5
[INFO] [stderr]     Checking opaque-debug v0.2.3
[INFO] [stderr]    Compiling opaque-debug v0.3.0
[INFO] [stderr]     Checking fake-simd v0.1.2
[INFO] [stderr]     Checking stable_deref_trait v1.2.0
[INFO] [stderr]    Compiling whoami v0.9.0
[INFO] [stderr]     Checking xml-rs v0.8.3
[INFO] [stderr]     Checking fixedbitset v0.2.0
[INFO] [stderr]    Compiling pulldown-cmark v0.7.2
[INFO] [stderr]     Checking utf8-ranges v1.0.4
[INFO] [stderr]    Compiling anyhow v1.0.32
[INFO] [stderr]    Compiling nix v0.18.0
[INFO] [stderr]     Checking quick-error v1.2.3
[INFO] [stderr]     Checking dtoa v0.4.6
[INFO] [stderr]     Checking regex-syntax v0.4.2
[INFO] [stderr]    Compiling dotenv v0.15.0
[INFO] [stderr]     Checking tower-service v0.3.0
[INFO] [stderr]     Checking downcast-rs v1.2.0
[INFO] [stderr]     Checking scoped-tls v1.0.0
[INFO] [stderr]     Checking census v0.4.0
[INFO] [stderr]     Checking ansi_term v0.12.1
[INFO] [stderr]     Checking htmlescape v0.3.1
[INFO] [stderr]     Checking urlencoding v1.1.1
[INFO] [stderr]     Checking base64 v0.11.0
[INFO] [stderr]     Checking tracing-core v0.1.11
[INFO] [stderr]     Checking thread_local v1.0.1
[INFO] [stderr]     Checking sharded-slab v0.0.9
[INFO] [stderr]    Compiling generic-array v0.14.3
[INFO] [stderr]    Compiling unicase v2.6.0
[INFO] [stderr]    Compiling nom v5.1.2
[INFO] [stderr]    Compiling standback v0.2.9
[INFO] [stderr]    Compiling time v0.2.16
[INFO] [stderr]    Compiling cookie v0.14.2
[INFO] [stderr]    Compiling rand_core v0.3.1
[INFO] [stderr]    Compiling rand_jitter v0.1.4
[INFO] [stderr]    Compiling hashbrown v0.8.1
[INFO] [stderr]    Compiling num-traits v0.2.12
[INFO] [stderr]    Compiling crossbeam-utils v0.7.2
[INFO] [stderr]    Compiling indexmap v1.5.0
[INFO] [stderr]    Compiling memoffset v0.5.5
[INFO] [stderr]    Compiling num-integer v0.1.43
[INFO] [stderr]    Compiling crossbeam-epoch v0.8.2
[INFO] [stderr]    Compiling rayon v1.3.1
[INFO] [stderr]    Compiling rand_chacha v0.1.1
[INFO] [stderr]    Compiling rand_pcg v0.1.2
[INFO] [stderr]    Compiling rand v0.6.5
[INFO] [stderr]     Checking futures-channel v0.3.5
[INFO] [stderr]     Checking lock_api v0.4.1
[INFO] [stderr]     Checking unicode-bidi v0.3.4
[INFO] [stderr]    Compiling foreign-types v0.3.2
[INFO] [stderr]    Compiling unicase v1.4.2
[INFO] [stderr]     Checking http v0.2.1
[INFO] [stderr]     Checking line-wrap v0.1.1
[INFO] [stderr]    Compiling futures-task v0.3.5
[INFO] [stderr]     Checking miniz_oxide v0.4.0
[INFO] [stderr]     Checking block-padding v0.1.5
[INFO] [stderr]    Compiling unicode-normalization v0.1.13
[INFO] [stderr]    Compiling lru-cache v0.1.2
[INFO] [stderr]     Checking phf_shared v0.8.0
[INFO] [stderr]     Checking blake2b_simd v0.5.10
[INFO] [stderr]     Checking owning_ref v0.4.1
[INFO] [stderr]     Checking owned-read v0.4.1
[INFO] [stderr]    Compiling bitflags v1.2.1
[INFO] [stderr]    Compiling rand_hc v0.1.0
[INFO] [stderr]    Compiling rand_isaac v0.1.1
[INFO] [stderr]    Compiling rand_xorshift v0.1.1
[INFO] [stderr]     Checking idna v0.2.0
[INFO] [stderr]     Checking stringprep v0.1.2
[INFO] [stderr]     Checking log v0.3.9
[INFO] [stderr]     Checking want v0.3.0
[INFO] [stderr]     Checking tracing-log v0.1.1
[INFO] [stderr]     Checking aho-corasick v0.7.13
[INFO] [stderr]     Checking buf_redux v0.8.4
[INFO] [stderr]     Checking combine v4.2.1
[INFO] [stderr]     Checking twoway v0.1.8
[INFO] [stderr]     Checking bstr v0.2.13
[INFO] [stderr]     Checking lexical-core v0.7.4
[INFO] [stderr]     Checking quote v1.0.7
[INFO] [stderr]     Checking addr2line v0.13.0
[INFO] [stderr]     Checking fst v0.3.5
[INFO] [stderr]     Checking regex-automata v0.1.9
[INFO] [stderr]     Checking murmurhash32 v0.2.0
[INFO] [stderr]     Checking bitpacking v0.8.2
[INFO] [stderr]     Checking mime v0.2.6
[INFO] [stderr]     Checking net2 v0.2.34
[INFO] [stderr]     Checking iovec v0.1.4
[INFO] [stderr]     Checking num_cpus v1.13.0
[INFO] [stderr]     Checking signal-hook-registry v1.2.0
[INFO] [stderr]     Checking time v0.1.43
[INFO] [stderr]     Checking rand_os v0.1.3
[INFO] [stderr]     Checking parking_lot_core v0.8.0
[INFO] [stderr]     Checking inotify-sys v0.1.3
[INFO] [stderr]     Checking rand v0.4.6
[INFO] [stderr]     Checking socket2 v0.3.12
[INFO] [stderr]     Checking filetime v0.2.10
[INFO] [stderr]     Checking flate2 v1.0.16
[INFO] [stderr]     Checking memmap v0.7.0
[INFO] [stderr]     Checking fs2 v0.4.3
[INFO] [stderr]     Checking headers-core v0.2.0
[INFO] [stderr]     Checking http-body v0.3.1
[INFO] [stderr]     Checking generic-array v0.12.3
[INFO] [stderr]    Compiling jobserver v0.1.21
[INFO] [stderr]    Compiling mime_guess v2.0.3
[INFO] [stderr]     Checking regex v1.3.9
[INFO] [stderr]     Checking backtrace v0.3.50
[INFO] [stderr]    Compiling phf_shared v0.7.24
[INFO] [stderr]     Checking crossbeam-queue v0.2.3
[INFO] [stderr]     Checking crossbeam-channel v0.4.3
[INFO] [stderr]     Checking rust-argon2 v0.8.2
[INFO] [stderr]     Checking mio v0.6.22
[INFO] [stderr]     Checking rand_core v0.5.1
[INFO] [stderr]     Checking atoi v0.3.2
[INFO] [stderr]     Checking inotify v0.7.1
[INFO] [stderr]     Checking parking_lot v0.11.0
[INFO] [stderr]     Checking levenshtein_automata v0.1.1
[INFO] [stderr]    Compiling cc v1.0.58
[INFO] [stderr]     Checking matchers v0.0.1
[INFO] [stderr]     Checking digest v0.8.1
[INFO] [stderr]     Checking block-buffer v0.7.3
[INFO] [stderr]     Checking tempdir v0.3.7
[INFO] [stderr]     Checking crypto-mac v0.8.0
[INFO] [stderr]     Checking digest v0.9.0
[INFO] [stderr]     Checking petgraph v0.5.1
[INFO] [stderr]    Compiling phf v0.7.24
[INFO] [stderr]    Compiling block-buffer v0.9.0
[INFO] [stderr]     Checking crossbeam-deque v0.7.3
[INFO] [stderr]     Checking rand_chacha v0.2.2
[INFO] [stderr]     Checking rand_pcg v0.2.1
[INFO] [stderr]     Checking chrono v0.4.13
[INFO] [stderr]     Checking sqlformat v0.1.0
[INFO] [stderr]     Checking tantivy-fst v0.2.1
[INFO] [stderr]     Checking sha-1 v0.8.2
[INFO] [stderr]     Checking mio-uds v0.6.8
[INFO] [stderr]     Checking mio-extras v2.0.6
[INFO] [stderr]    Compiling openssl-src v111.10.2+1.1.1g
[INFO] [stderr]     Checking fail v0.3.0
[INFO] [stderr]    Compiling sha2 v0.9.1
[INFO] [stderr]     Checking crossbeam v0.7.3
[INFO] [stderr]     Checking rand v0.7.3
[INFO] [stderr]    Compiling phf_generator v0.7.24
[INFO] [stderr]     Checking atomicwrites v0.2.5
[INFO] [stderr]     Checking headers v0.3.2
[INFO] [stderr]    Compiling libsqlite3-sys v0.18.0
[INFO] [stderr]    Compiling libz-sys v1.0.25
[INFO] [stderr]    Compiling onig_sys v69.5.0
[INFO] [stderr]    Compiling libgit2-sys v0.12.9+1.0.1
[INFO] [stderr]    Compiling blake3 v0.3.5
[INFO] [stderr]     Checking notify v4.0.15
[INFO] [stderr]     Checking tree_magic_mini v1.0.0
[INFO] [stderr]    Compiling openssl-sys v0.9.58
[INFO] [stderr]    Compiling phf_codegen v0.7.24
[INFO] [stderr]    Compiling mime_guess v1.8.8
[INFO] [stderr]     Checking tempfile v3.1.0
[INFO] [stderr]    Compiling phf_generator v0.8.0
[INFO] [stderr]    Compiling synstructure v0.12.4
[INFO] [stderr]     Checking onig v6.0.0
[INFO] [stderr]     Checking multipart v0.16.1
[INFO] [stderr]     Checking tantivy-query-grammar v0.12.0
[INFO] [stderr]    Compiling serde_derive v1.0.114
[INFO] [stderr]    Compiling tokio-macros v0.2.5
[INFO] [stderr]    Compiling futures-macro v0.3.5
[INFO] [stderr]    Compiling phf_macros v0.8.0
[INFO] [stderr]    Compiling thiserror-impl v1.0.20
[INFO] [stderr]    Compiling tracing-attributes v0.1.9
[INFO] [stderr]    Compiling time-macros-impl v0.1.1
[INFO] [stderr]    Compiling async-trait v0.1.36
[INFO] [stderr]    Compiling derive_more v0.99.9
[INFO] [stderr]     Checking time-macros v0.1.0
[INFO] [stderr]     Checking tokio v0.2.22
[INFO] [stderr]     Checking tracing v0.1.17
[INFO] [stderr]    Compiling phf v0.8.0
[INFO] [stderr]    Compiling thiserror v1.0.20
[INFO] [stderr]     Checking failure v0.1.8
[INFO] [stderr]     Checking pin-project v0.4.23
[INFO] [stderr]     Checking futures-util v0.3.5
[INFO] [stderr]     Checking tracing-futures v0.2.4
[INFO] [stderr]     Checking tokio-util v0.3.1
[INFO] [stderr]     Checking futures-executor v0.3.5
[INFO] [stderr]     Checking h2 v0.2.6
[INFO] [stderr]     Checking futures v0.3.5
[INFO] [stderr]     Checking either v1.5.3
[INFO] [stderr]     Checking url v2.1.1
[INFO] [stderr]     Checking toml v0.5.6
[INFO] [stderr]     Checking rust-stemmers v1.2.0
[INFO] [stderr]     Checking plist v1.0.0
[INFO] [stderr]     Checking tracing-serde v0.1.1
[INFO] [stderr]     Checking bincode v1.3.1
[INFO] [stderr]     Checking uuid v0.8.1
[INFO] [stderr]     Checking envy v0.4.1
[INFO] [stderr]     Checking itertools v0.8.2
[INFO] [stderr]     Checking itertools v0.9.0
[INFO] [stderr]     Checking serde_urlencoded v0.6.1
[INFO] [stderr]     Checking git2 v0.13.8
[INFO] [stderr]     Checking askama_shared v0.10.4
[INFO] [stderr]     Checking syntect v4.2.0
[INFO] [stderr]     Checking tracing-subscriber v0.2.9
[INFO] [stderr]     Checking hyper v0.13.7
[INFO] [stderr]     Checking tantivy v0.12.0
[INFO] [stderr]    Compiling askama_derive v0.10.3
[INFO] [stderr]     Checking warp v0.2.4
[INFO] [stderr]     Checking askama v0.10.3
[INFO] [stderr]     Checking tokio-native-tls v0.1.0
[INFO] [stderr]     Checking sqlx-rt v0.1.0-pre (https://github.com/launchbadge/sqlx?rev=dc0d325738815e2aa6347da2054c1e2c08898b4b#dc0d3257)
[INFO] [stderr]     Checking sqlx-core v0.4.0-pre (https://github.com/launchbadge/sqlx?rev=dc0d325738815e2aa6347da2054c1e2c08898b4b#dc0d3257)
[INFO] [stderr]    Compiling sqlx-macros v0.4.0-pre (https://github.com/launchbadge/sqlx?rev=dc0d325738815e2aa6347da2054c1e2c08898b4b#dc0d3257)
[INFO] [stderr]     Checking sqlx v0.4.0-pre (https://github.com/launchbadge/sqlx?rev=dc0d325738815e2aa6347da2054c1e2c08898b4b#dc0d3257)
[INFO] [stderr]     Checking kairowiki v0.1.0 (/opt/rustwide/workdir)
[INFO] [stdout] error: error returned from database: unable to open database file
[INFO] [stdout]   --> src/file_storage.rs:64:20
[INFO] [stdout]    |
[INFO] [stdout] 64 |           let path = sqlx::query!(
[INFO] [stdout]    |  ____________________^
[INFO] [stdout] 65 | |             "SELECT relative_path FROM file_hash WHERE hash = ?",
[INFO] [stdout] 66 | |             hash_bytes
[INFO] [stdout] 67 | |         )
[INFO] [stdout]    | |_________^
[INFO] [stdout]    |
[INFO] [stdout]    = note: this error originates in a macro (in Nightly builds, run with -Z macro-backtrace for more info)
[INFO] [stdout] 
[INFO] [stdout] 
[INFO] [stdout] error: error returned from database: unable to open database file
[INFO] [stdout]   --> src/file_storage.rs:83:17
[INFO] [stdout]    |
[INFO] [stdout] 83 | /                 sqlx::query!(
[INFO] [stdout] 84 | |                     "INSERT INTO file_hash(relative_path, hash) VALUES (?, ?)",
[INFO] [stdout] 85 | |                     relative_path,
[INFO] [stdout] 86 | |                     hash_bytes
[INFO] [stdout] 87 | |                 )
[INFO] [stdout]    | |_________________^
[INFO] [stdout]    |
[INFO] [stdout]    = note: this error originates in a macro (in Nightly builds, run with -Z macro-backtrace for more info)
[INFO] [stdout] 
[INFO] [stdout] 
[INFO] [stdout] error: error returned from database: unable to open database file
[INFO] [stdout]   --> src/file_storage.rs:92:21
[INFO] [stdout]    |
[INFO] [stdout] 92 |                     sqlx::query!("DELETE FROM file_hash WHERE hash = ?", hash_bytes)
[INFO] [stdout]    |                     ^^^^^^^^^^^^^^^^^^^^^^^^^^^^^^^^^^^^^^^^^^^^^^^^^^^^^^^^^^^^^^^^
[INFO] [stdout]    |
[INFO] [stdout]    = note: this error originates in a macro (in Nightly builds, run with -Z macro-backtrace for more info)
[INFO] [stdout] 
[INFO] [stdout] 
[INFO] [stdout] error: error returned from database: unable to open database file
[INFO] [stdout]   --> src/file_storage.rs:64:20
[INFO] [stdout]    |
[INFO] [stdout] 64 |           let path = sqlx::query!(
[INFO] [stdout]    |  ____________________^
[INFO] [stdout] 65 | |             "SELECT relative_path FROM file_hash WHERE hash = ?",
[INFO] [stdout] 66 | |             hash_bytes
[INFO] [stdout] 67 | |         )
[INFO] [stdout]    | |_________^
[INFO] [stdout]    |
[INFO] [stdout]    = note: this error originates in a macro (in Nightly builds, run with -Z macro-backtrace for more info)
[INFO] [stdout] 
[INFO] [stdout] 
[INFO] [stdout] error: error returned from database: unable to open database file
[INFO] [stdout]   --> src/file_storage.rs:83:17
[INFO] [stdout]    |
[INFO] [stdout] 83 | /                 sqlx::query!(
[INFO] [stdout] 84 | |                     "INSERT INTO file_hash(relative_path, hash) VALUES (?, ?)",
[INFO] [stdout] 85 | |                     relative_path,
[INFO] [stdout] 86 | |                     hash_bytes
[INFO] [stdout] 87 | |                 )
[INFO] [stdout]    | |_________________^
[INFO] [stdout]    |
[INFO] [stdout]    = note: this error originates in a macro (in Nightly builds, run with -Z macro-backtrace for more info)
[INFO] [stdout] 
[INFO] [stdout] 
[INFO] [stdout] error: error returned from database: unable to open database file
[INFO] [stdout]   --> src/file_storage.rs:92:21
[INFO] [stdout]    |
[INFO] [stdout] 92 |                     sqlx::query!("DELETE FROM file_hash WHERE hash = ?", hash_bytes)
[INFO] [stdout]    |                     ^^^^^^^^^^^^^^^^^^^^^^^^^^^^^^^^^^^^^^^^^^^^^^^^^^^^^^^^^^^^^^^^
[INFO] [stdout]    |
[INFO] [stdout]    = note: this error originates in a macro (in Nightly builds, run with -Z macro-backtrace for more info)
[INFO] [stdout] 
[INFO] [stdout] 
[INFO] [stdout] error: error returned from database: unable to open database file
[INFO] [stdout]   --> src/migrations.rs:19:31
[INFO] [stdout]    |
[INFO] [stdout] 19 |             let is_migrated = sqlx::query!("SELECT ident FROM migrations WHERE ident = ?", ident)
[INFO] [stdout]    |                               ^^^^^^^^^^^^^^^^^^^^^^^^^^^^^^^^^^^^^^^^^^^^^^^^^^^^^^^^^^^^^^^^^^^
[INFO] [stdout]    |
[INFO] [stdout]    = note: this error originates in a macro (in Nightly builds, run with -Z macro-backtrace for more info)
[INFO] [stdout] 
[INFO] [stdout] 
[INFO] [stdout] error: error returned from database: unable to open database file
[INFO] [stdout]   --> src/migrations.rs:19:31
[INFO] [stdout]    |
[INFO] [stdout] 19 |             let is_migrated = sqlx::query!("SELECT ident FROM migrations WHERE ident = ?", ident)
[INFO] [stdout]    |                               ^^^^^^^^^^^^^^^^^^^^^^^^^^^^^^^^^^^^^^^^^^^^^^^^^^^^^^^^^^^^^^^^^^^
[INFO] [stdout]    |
[INFO] [stdout]    = note: this error originates in a macro (in Nightly builds, run with -Z macro-backtrace for more info)
[INFO] [stdout] 
[INFO] [stdout] 
[INFO] [stdout] error: error returned from database: unable to open database file
[INFO] [stdout]   --> src/user_storage/sqlite.rs:41:19
[INFO] [stdout]    |
[INFO] [stdout] 41 |           let row = sqlx::query!(
[INFO] [stdout]    |  ___________________^
[INFO] [stdout] 42 | |             "SELECT id, name, email, pass_hash FROM wiki_user WHERE name = ?",
[INFO] [stdout] 43 | |             name
[INFO] [stdout] 44 | |         )
[INFO] [stdout]    | |_________^
[INFO] [stdout]    |
[INFO] [stdout]    = note: this error originates in a macro (in Nightly builds, run with -Z macro-backtrace for more info)
[INFO] [stdout] 
[INFO] [stdout] 
[INFO] [stdout] error: error returned from database: unable to open database file
[INFO] [stdout]   --> src/user_storage/sqlite.rs:75:9
[INFO] [stdout]    |
[INFO] [stdout] 75 | /         sqlx::query!(
[INFO] [stdout] 76 | |             "INSERT INTO wiki_user(name, email, pass_hash) VALUES (?, ?, ?)",
[INFO] [stdout] 77 | |             name,
[INFO] [stdout] 78 | |             email,
[INFO] [stdout] 79 | |             hash
[INFO] [stdout] 80 | |         )
[INFO] [stdout]    | |_________^
[INFO] [stdout]    |
[INFO] [stdout]    = note: this error originates in a macro (in Nightly builds, run with -Z macro-backtrace for more info)
[INFO] [stdout] 
[INFO] [stdout] 
[INFO] [stdout] error: error returned from database: unable to open database file
[INFO] [stdout]   --> src/user_storage/sqlite.rs:41:19
[INFO] [stdout]    |
[INFO] [stdout] 41 |           let row = sqlx::query!(
[INFO] [stdout]    |  ___________________^
[INFO] [stdout] 42 | |             "SELECT id, name, email, pass_hash FROM wiki_user WHERE name = ?",
[INFO] [stdout] 43 | |             name
[INFO] [stdout] 44 | |         )
[INFO] [stdout]    | |_________^
[INFO] [stdout]    |
[INFO] [stdout]    = note: this error originates in a macro (in Nightly builds, run with -Z macro-backtrace for more info)
[INFO] [stdout] 
[INFO] [stdout] 
[INFO] [stdout] error: error returned from database: unable to open database file
[INFO] [stdout]   --> src/user_storage/sqlite.rs:75:9
[INFO] [stdout]    |
[INFO] [stdout] 75 | /         sqlx::query!(
[INFO] [stdout] 76 | |             "INSERT INTO wiki_user(name, email, pass_hash) VALUES (?, ?, ?)",
[INFO] [stdout] 77 | |             name,
[INFO] [stdout] 78 | |             email,
[INFO] [stdout] 79 | |             hash
[INFO] [stdout] 80 | |         )
[INFO] [stdout]    | |_________^
[INFO] [stdout]    |
[INFO] [stdout]    = note: this error originates in a macro (in Nightly builds, run with -Z macro-backtrace for more info)
[INFO] [stdout] 
[INFO] [stdout] 
[INFO] [stdout] error: aborting due to 6 previous errors
[INFO] [stdout] 
[INFO] [stdout] 
[INFO] [stderr] error: could not compile `kairowiki`.
[INFO] [stderr] 
[INFO] [stderr] To learn more, run the command again with --verbose.
[INFO] [stderr] warning: build failed, waiting for other jobs to finish...
[INFO] [stdout] error: aborting due to 6 previous errors
[INFO] [stdout] 
[INFO] [stdout] 
[INFO] [stderr] error: build failed
[INFO] running `Command { std: "docker" "inspect" "3d8edc19ffcc70a75e9e36cbdac4ca0dbe2346bb529f7f08ae3b78d40d53360a", kill_on_drop: false }`
[INFO] running `Command { std: "docker" "rm" "-f" "3d8edc19ffcc70a75e9e36cbdac4ca0dbe2346bb529f7f08ae3b78d40d53360a", kill_on_drop: false }`
[INFO] [stdout] 3d8edc19ffcc70a75e9e36cbdac4ca0dbe2346bb529f7f08ae3b78d40d53360a
